t -11022012212012 (base 3) to base 7.
-25305044
What is -101132203 (base 4) in base 14?
-1c135
3300123300 (base 4) to base 14
1b8c80
2323024421 (base 5) to base 13
112c902
-3312034 (base 7) to base 6
-12413504
Convert 20230334 (base 6) to base 7.
4632223
Convert -280957 (base 10) to base 12.
-116711
Convert 35406423 (base 8) to base 3.
112120001121120
Convert 1010111000100110110010 (base 2) to base 10.
2853298
-50224 (base 11) to base 7
-424131
544451 (base 9) to base 16
4f4a7
111200002111100 (base 3) to base 14
d71777
What is -607041 (base 8) in base 9?
-334582
11011012222 (base 3) to base 5
10104214
-157349 (base 10) to base 9
-258752
What is 64d65a (base 15) in base 2?
10010010100110111011100
Convert 2778965 (base 11) to base 10.
4784774
What is -909324 (base 13) in base 16?
-334c9b
-47469b (base 14) to base 8
-11216761
What is -634103 (base 8) in base 9?
-351406
Convert 143426 (base 11) to base 14.
5b968
What is -10001021211 (base 3) in base 2?
-1110101001010101
What is 3661314 (base 7) in base 9?
783833
13cc4c (base 13) to base 15
98c72
-43015312 (base 6) to base 15
-19debe
What is -1000000111101010 (base 2) in base 5?
-2031013
Convert -2322320301 (base 4) to base 15.
-101c29
Convert -12120222212 (base 3) to base 13.
-3b144
What is 5065313 (base 7) in base 3?
1010201020202
Convert -330133131 (base 4) to base 16.
-3c7dd
-113102023321 (base 4) to base 13
-1359322
Convert -992ab (base 12) to base 15.
-40065
Convert -2000000200201 (base 3) to base 9.
-2000621
Convert 101111101010010101 (base 2) to base 14.
51205
What is -10842325 (base 9) in base 14?
-9b75a9
What is -6431b (base 14) in base 3?
-110022002010
Convert 3398895 (base 10) to base 11.
1a11705
10101100011111010 (base 2) to base 5
10311224
Convert -16225234 (base 7) to base 10.
-1569691
8001aa (base 11) to base 7
13644665
19c04a6 (base 15) to base 13
3b95521
Convert -15574157 (base 8) to base 15.
-4b2648
What is 5959c7 (base 13) in base 12?
86651b
Convert 187067 (base 11) to base 10.
287569
What is 5832a (base 11) in base 5?
10143443
What is 194da (base 16) in base 8?
312332
What is 121354 (base 10) in base 15?
25e54
Convert 3361053 (base 7) to base 8.
1460553
Convert -1033021303 (base 4) to base 10.
-324211
What is 375429 (base 10) in base 2?
1011011101010000101
-96a602 (base 11) to base 9
-2824034
-5233 (base 16) to base 3
-1001212101
10011011010000000 (base 2) to base 9
131030
Convert 1182585 (base 9) to base 15.
cb148
Convert -b6a93 (base 12) to base 13.
-85329
Convert -2101222201011 (base 3) to base 7.
-13605253
14626004 (base 10) to base 2
110111110010110011010100
What is 315155133 (base 6) in base 9?
11425103
24435064 (base 7) to base 10
2193874
5382482 (base 9) to base 11
16a3358
Convert -1502037 (base 9) to base 10.
-828178
Convert -7287d0 (base 14) to base 12.
-1364902
What is 1947962 (base 12) in base 15?
701cc2
Convert -213321223 (base 4) to base 3.
-22022012011
Convert 15298b (base 13) to base 12.
211000
What is 100110110111011 (base 2) in base 10?
19899
25404521 (base 7) to base 15
307acb
1146630 (base 7) to base 4
203300001
What is -276 (base 13) in base 2?
-110110011
What is -14157205 (base 10) in base 5?
-12111012310
What is -160b06 (base 13) in base 5?
-114411044
11101000100100100 (base 2) to base 6
2315140
What is -266524 (base 12) in base 5?
-130230241
What is -100925 (base 14) in base 12?
-220345
What is -ebed9 (base 15) in base 8?
-2667255
Convert 1364348 (base 9) to base 11.
4733a0
What is 16847248 (base 9) in base 8?
40251650
What is -1126 (base 14) in base 5?
-43344
-140993 (base 11) to base 13
-79671
Convert -23121311 (base 4) to base 8.
-133165
What is -11100011100100111001 (base 2) in base 5?
-214312103
What is -9583aa (base 13) in base 3?
-20120221202100
Convert 2990a (base 14) to base 8.
311606
-b99a86 (base 13) to base 3
-22012122200212
Convert -111010010101011101 (base 2) to base 5.
-30121231
15253b7 (base 14) to base 9
21353537
What is 64b469 (base 14) in base 4?
31000323111
What is -171357 (base 10) in base 11?
-10781a
What is -22113 (base 12) in base 4?
-23000133
1693879 (base 14) to base 11
62aa788
What is 82234 (base 13) in base 4?
320330233
30535314 (base 6) to base 13
24c358
What is 1362585 (base 9) in base 2?
10110111000101000110
Convert -1101101101100001010 (base 2) to base 7.
-3550612
Convert -305216 (base 10) to base 13.
-a8c02
What is 2278541 (base 10) in base 4?
20230102031
-48d16f (base 16) to base 13
-cb11bb
-4366762 (base 9) to base 15
-31574e
What is 32b804 (base 14) in base 5?
420101220
What is -20204402 (base 5) in base 4?
-213310132
What is 1102221010022 (base 3) in base 7?
6341006
What is 65579 (base 11) in base 16?
173d8
Convert -3033100300 (base 4) to base 6.
-30110144
What is 222d19 (base 14) in base 13?
318313
What is 1112221220121 (base 3) in base 14?
176da4
Convert -57f1c (base 16) to base 13.
-c7c63
Convert -13ce96e (base 15) to base 12.
-496a365
-66249 (base 11) to base 8
-273577
-14345203 (base 7) to base 15
-1bbb8a
-121200100222 (base 3) to base 6
-11011555
Convert 51573 (base 9) to base 15.
a120
What is -244aa35 (base 11) in base 6?
-231152144
What is 275022 (base 8) in base 3?
11220202200
Convert -1011011000001101111 (base 2) to base 8.
-1330157
Convert 265152 (base 7) to base 8.
141235
-cf4b9 (base 16) to base 12
-34b449
Convert -223012131 (base 4) to base 3.
-22222011120
What is -24213324 (base 5) in base 15?
-46ec9
What is 12450001 (base 6) in base 14?
a9a13
Convert -7765c (base 16) to base 10.
-489052
What is 3401000 (base 5) in base 2?
1110100001101100
Convert -10012413 (base 5) to base 15.
-1868d
What is 53123545 (base 6) in base 13?
423b9c
Convert -22001201 (base 4) to base 12.
-1b915
24234010 (base 5) to base 9
375814
Convert -311330430 (base 5) to base 8.
-4676076
Convert -11001011101000011 (base 2) to base 5.
-11314014
Convert 131564222 (base 7) to base 6.
501102142
What is 367aa (base 12) in base 6?
1325134
7a4864 (base 13) to base 16
2c2c23
43343052 (base 6) to base 16
13aac8
Convert 2617307 (base 10) to base 4.
21332333123
Convert 2f3d9a (base 16) to base 14.
5a83a2
What is -3f5544 (base 16) in base 11?
-238544a
Convert -12475776 (base 8) to base 7.
-32444234
What is -a70061 (base 12) in base 15?
-37049a
Convert -24551626 (base 7) to base 15.
-2db1a4
Convert -19da (base 15) to base 12.
-32b1
What is 233620 (base 10) in base 8?
710224
-101101020202210 (base 3) to base 6
-314121503
What is 2958b7 (base 14) in base 7?
15133020
16b91 (base 14) to base 8
157513
What is 2336352 (base 7) in base 14?
797d2
2b5874 (base 12) to base 2
10110011100110011000
47da0 (base 14) to base 12
85720
Convert -124654035 (base 7) to base 11.
-4572073
What is -26369 (base 11) in base 13?
-14216
Convert 11111010011000100 (base 2) to base 14.
34a0c
-320545055 (base 6) to base 9
-11551868
Convert -514e7 (base 15) to base 3.
-111002101101
29460 (base 10) to base 3
1111102010
What is 1a898c (base 16) in base 11?
a88714
Convert -17692c0 (base 13) to base 5.
-3422224433
What is 100110101101100111001 (base 2) in base 9?
2343085
Convert -100011000000000100001100 (base 2) to base 9.
-18234136
What is -1052772 (base 9) in base 16?
-8a440
Convert 39cc3 (base 15) to base 2.
101101001100101101
What is -10111001100111100101011 (base 2) in base 14?
-b44855
1091040 (base 12) to base 14
5c8bba
4433044 (base 5) to base 6
1353430
Convert 1106547 (base 9) to base 3.
1010020121121
-a72511 (base 11) to base 16
-1a3034
-1010020100 (base 3) to base 11
-15618
-22101110212 (base 3) to base 6
-3312205
-432421 (base 7) to base 12
-37714
What is -1102011021111 (base 3) in base 14?
-157a00
4a93a26 (base 11) to base 12
2b60162
13043536 (base 8) to base 14
557754
What is 6802655 (base 9) in base 6?
210302252
What is 8320a (base 12) in base 5?
20440440
Convert -8c862 (base 15) to base 10.
-447392
What is 11111100001101111 (base 2) in base 14?
350bd
What is -129085 (base 11) in base 3?
-101021122111
Convert -140020300 (base 5) to base 4.
-2223333002
What is 132a51 (base 16) in base 13?
34c909
173207 (base 10) to base 14
4719d
Convert -303615 (base 12) to base 2.
-10110111101110110001
Convert 40235505 (base 6) to base 12.
46bb95
-1044431301 (base 5) to base 12
-94b891
Convert -124636 (base 10) to base 15.
-26de1
Convert 100255 (base 6) to base 2.
1111011001011
Con